{"id":22767,"date":"2025-03-10T16:14:49","date_gmt":"2025-03-10T23:14:49","guid":{"rendered":"https:\/\/vccf.org\/?post_type=tribe_events&#038;p=22767"},"modified":"2025-03-10T16:14:49","modified_gmt":"2025-03-10T23:14:49","slug":"district-2-supervisorial-leadership-excellence-awards","status":"publish","type":"tribe_events","link":"https:\/\/vccf.org\/de\/community-event\/district-2-supervisorial-leadership-excellence-awards\/","title":{"rendered":"Auszeichnungen f\u00fcr F\u00fchrungsqualit\u00e4ten und herausragende Leistungen im Distrikt 2"},"content":{"rendered":"<p>Seien Sie dabei, wenn wir an einem eleganten Abend die au\u00dfergew\u00f6hnlichen F\u00fchrungspers\u00f6nlichkeiten ehren, die unsere Gemeinschaft mit Visionen, Engagement und Service leiten. Vor der wundersch\u00f6nen Kulisse des Amgen Campus in Newbury Park bringt diese besondere Veranstaltung Gemeindemitglieder zusammen, um herausragende F\u00fchrungsqualit\u00e4ten zu w\u00fcrdigen und gleichzeitig eine wichtige Sache zu unterst\u00fctzen.<\/p>\n<p>Supervisor Jeff Gorell veranstaltet einen besonderen Abend, um die herausragenden F\u00fchrungskr\u00e4fte zu feiern, die unsere Gemeinschaft inspirieren, ihr dienen und sie st\u00e4rken. Die Veranstaltung findet am 21. Mai 2025 von 17:00 bis 19:00 Uhr auf dem Amgen Campus in Newbury Park statt und bringt Gemeindemitglieder zusammen, um herausragende F\u00fchrungsqualit\u00e4ten zu w\u00fcrdigen. Der fr\u00fche Check-in f\u00fcr diese Veranstaltung beginnt um 16.00 Uhr.<\/p>\n<p>Genie\u00dfen Sie eine erlesene Auswahl an H\u00e4ppchen und Getr\u00e4nken, w\u00e4hrend wir diejenigen feiern, die etwas bewegen. Cocktail-Kleidung empfohlen.<\/p>\n<p>Mit dieser Veranstaltung werden nicht nur f\u00fchrende Pers\u00f6nlichkeiten der Region geehrt, sondern auch eine wichtige Sache unterst\u00fctzt. Supervisor Gorell hat sich mit der Ventura County Community Foundation zusammengetan, um den vom Mountain Fire betroffenen Menschen die dringend ben\u00f6tigte Hilfe zukommen zu lassen. Der Erl\u00f6s der Veranstaltung wird den betroffenen Familien beim Wiederaufbau und der Erholung helfen.<\/p>\n<p>Schlie\u00dfen Sie sich uns an, um F\u00fchrungsqualit\u00e4ten zu w\u00fcrdigen und etwas in unserer Gemeinde zu bewirken. Gemeinsam k\u00f6nnen wir Bed\u00fcrftige unterst\u00fctzen und die Menschen auszeichnen, die District 2 zu einem besseren Ort f\u00fcr alle machen. Markieren Sie Ihren Kalender und nehmen Sie an dieser inspirierenden Nacht der Anerkennung und des Einflusses teil. Wir freuen uns darauf, mit Ihnen zu feiern!<\/p>\n<p><a href=\"https:\/\/www.ventura.org\/board-of-supervisors\/district-2-jeff-gorell\/district2awards\/\" target=\"_blank\" rel=\"noopener\">Melden Sie sich f\u00fcr diese Veranstaltung an oder nominieren Sie hier eine F\u00fchrungskraft aus der Gemeinschaft.<\/a><\/p>","protected":false},"excerpt":{"rendered":"<p>Seien Sie dabei, wenn wir an einem eleganten Abend die au\u00dfergew\u00f6hnlichen F\u00fchrungspers\u00f6nlichkeiten ehren, die unsere Gemeinschaft mit Visionen, Hingabe und Service leiten. Vor der wundersch\u00f6nen Kulisse des Amgen Campus in Newbury...<\/p>","protected":false},"author":8,"featured_media":22768,"template":"","meta":{"_acf_changed":false,"give_campaign_id":0,"_tribe_events_status":"","_tribe_events_status_reason":"","_tribe_events_is_hybrid":"","_tribe_events_is_virtual":"","_tribe_events_virtual_video_source":"","_tribe_events_virtual_embed_video":"","_tribe_events_virtual_linked_button_text":"","_tribe_events_virtual_linked_button":"","_tribe_events_virtual_show_embed_at":"","_tribe_events_virtual_show_embed_to":[],"_tribe_events_virtual_show_on_event":"","_tribe_events_virtual_show_on_views":"","_tribe_events_virtual_url":"","footnotes":""},"tags":[],"tribe_events_cat":[],"class_list":["post-22767","tribe_events","type-tribe_events","status-publish","has-post-thumbnail","hentry"],"acf":[],"_links":{"self":[{"href":"https:\/\/vccf.org\/de\/wp-json\/wp\/v2\/tribe_events\/22767","targetHints":{"allow":["GET"]}}],"collection":[{"href":"https:\/\/vccf.org\/de\/wp-json\/wp\/v2\/tribe_events"}],"about":[{"href":"https:\/\/vccf.org\/de\/wp-json\/wp\/v2\/types\/tribe_events"}],"author":[{"embeddable":true,"href":"https:\/\/vccf.org\/de\/wp-json\/wp\/v2\/users\/8"}],"version-history":[{"count":0,"href":"https:\/\/vccf.org\/de\/wp-json\/wp\/v2\/tribe_events\/22767\/revisions"}],"wp:featuredmedia":[{"embeddable":true,"href":"https:\/\/vccf.org\/de\/wp-json\/wp\/v2\/media\/22768"}],"wp:attachment":[{"href":"https:\/\/vccf.org\/de\/wp-json\/wp\/v2\/media?parent=22767"}],"wp:term":[{"taxonomy":"post_tag","embeddable":true,"href":"https:\/\/vccf.org\/de\/wp-json\/wp\/v2\/tags?post=22767"},{"taxonomy":"tribe_events_cat","embeddable":true,"href":"https:\/\/vccf.org\/de\/wp-json\/wp\/v2\/tribe_events_cat?post=22767"}],"curies":[{"name":"wp","href":"https:\/\/api.w.org\/{rel}","templated":true}]}}

Auszeichnungen für Führungsqualitäten und herausragende Leistungen im Distrikt 2

<p>Seien Sie dabei, wenn wir an einem eleganten Abend die außergewöhnlichen Führungspersönlichkeiten ehren, die unsere Gemeinschaft mit Visionen, Engagement und Service leiten. Vor der wunderschönen Kulisse des Amgen Campus in Newbury Park bringt diese besondere Veranstaltung Gemeindemitglieder zusammen, um herausragende Führungsqualitäten zu würdigen und gleichzeitig eine wichtige Sache zu unterstützen.</p>
<p>Supervisor Jeff Gorell veranstaltet einen besonderen Abend, um die herausragenden Führungskräfte zu feiern, die unsere Gemeinschaft inspirieren, ihr dienen und sie stärken. Die Veranstaltung findet am 21. Mai 2025 von 17:00 bis 19:00 Uhr auf dem Amgen Campus in Newbury Park statt und bringt Gemeindemitglieder zusammen, um herausragende Führungsqualitäten zu würdigen. Der frühe Check-in für diese Veranstaltung beginnt um 16.00 Uhr.</p>
<p>Genießen Sie eine erlesene Auswahl an Häppchen und Getränken, während wir diejenigen feiern, die etwas bewegen. Cocktail-Kleidung empfohlen.</p>
<p>Mit dieser Veranstaltung werden nicht nur führende Persönlichkeiten der Region geehrt, sondern auch eine wichtige Sache unterstützt. Supervisor Gorell hat sich mit der Ventura County Community Foundation zusammengetan, um den vom Mountain Fire betroffenen Menschen die dringend benötigte Hilfe zukommen zu lassen. Der Erlös der Veranstaltung wird den betroffenen Familien beim Wiederaufbau und der Erholung helfen.</p>
<p>Schließen Sie sich uns an, um Führungsqualitäten zu würdigen und etwas in unserer Gemeinde zu bewirken. Gemeinsam können wir Bedürftige unterstützen und die Menschen auszeichnen, die District 2 zu einem besseren Ort für alle machen. Markieren Sie Ihren Kalender und nehmen Sie an dieser inspirierenden Nacht der Anerkennung und des Einflusses teil. Wir freuen uns darauf, mit Ihnen zu feiern!</p>
<p><a href="https://www.ventura.org/board-of-supervisors/district-2-jeff-gorell/district2awards/" target="_blank" rel="noopener">Melden Sie sich für diese Veranstaltung an oder nominieren Sie hier eine Führungskraft aus der Gemeinschaft.</a></p>

<p>Seien Sie dabei, wenn wir an einem eleganten Abend die außergewöhnlichen Führungspersönlichkeiten ehren, die unsere Gemeinschaft mit Visionen, Hingabe und Service leiten. Vor der wunderschönen Kulisse des Amgen Campus in Newbury...</p>
