{"id":21622,"date":"2024-11-06T21:57:03","date_gmt":"2024-11-06T21:57:03","guid":{"rendered":"https:\/\/vccf.org\/?post_type=vccf-initiatives&#038;p=21622"},"modified":"2025-05-30T16:36:08","modified_gmt":"2025-05-30T23:36:08","slug":"vccf-disaster-resilience-and-preparedness","status":"publish","type":"vccf-initiatives","link":"https:\/\/vccf.org\/fr\/vccf-initiatives\/vccf-disaster-resilience-and-preparedness\/","title":{"rendered":"R\u00e9silience et pr\u00e9paration aux catastrophes de la VCCF"},"content":{"rendered":"<p><strong>Pr\u00e9paration et r\u00e9silience aux catastrophes<\/strong><\/p>\n<p>Face \u00e0 l'augmentation de la fr\u00e9quence et de la gravit\u00e9 des catastrophes, la VCCF a lanc\u00e9 en 2023, avec le soutien d'Edison International, l'initiative de r\u00e9silience aux catastrophes du comt\u00e9 de Ventura, qui rassemble des organisations gouvernementales, communautaires et confessionnelles afin de favoriser une meilleure pr\u00e9paration aux catastrophes dans le comt\u00e9.<\/p>\n<p>Avec une approche holistique couvrant le soutien \u00e0 l'att\u00e9nuation, la pr\u00e9paration, ainsi que la planification et le renforcement des capacit\u00e9s pour une r\u00e9ponse imm\u00e9diate et un r\u00e9tablissement \u00e0 long terme, l'initiative est n\u00e9e des r\u00e9sultats d'une \u00e9tude command\u00e9e par le VCCF en 2019\/2020, recueillant les commentaires de 87 dirigeants communautaires et survivants de catastrophes locales qui ont mis en \u00e9vidence la n\u00e9cessit\u00e9 d'une plus grande coordination entre les secteurs, ainsi que le renforcement des capacit\u00e9s des organisations locales \u00e0 but non lucratif pour la r\u00e9ponse aux catastrophes et le r\u00e9tablissement, en particulier ceux qui r\u00e9pondent aux besoins des populations vuln\u00e9rables, y compris les personnes handicap\u00e9es, les non-anglophones, les adultes plus \u00e2g\u00e9s et les travailleurs agricoles.<\/p>\n<p>Les investissements de l'initiative comprennent<\/p>\n<p><strong>\u00a02024 <\/strong><\/p>\n<ul>\n<li>Cr\u00e9\u00e9 le <a href=\"https:\/\/vccf.org\/fr\/vccf-community-update-on-mountain-fire\/\">Fonds d'aide et de r\u00e9tablissement du comt\u00e9 de Ventura en cas d'incendie de for\u00eat<\/a> en r\u00e9ponse \u00e0 l'incendie de montagne, en partenariat avec le comt\u00e9 de Ventura. Cet effort a \u00e9t\u00e9 consacr\u00e9 \u00e0 soutenir les individus et les organisations \u00e0 but non lucratif qui fournissent une aide essentielle aux personnes les plus touch\u00e9es en temps de crise, \u00e0 r\u00e9pondre aux besoins imm\u00e9diats et \u00e0 long terme des personnes touch\u00e9es par la catastrophe, et \u00e0 se pr\u00e9parer \u00e0 soutenir notre communaut\u00e9 pour ce qui est \u00e0 venir.\u00c0 ce jour, le fonds a accord\u00e9 plus de $975 000, fournissant une aide financi\u00e8re individuelle et r\u00e9pondant \u00e0 des besoins critiques tels que...<br \/>\n- Logement temporaire et remplacement de l'\u00e9quipement m\u00e9dical.<br \/>\n- Garde d'enfants d'urgence et aide financi\u00e8re pour les familles qui ont perdu leur logement.<br \/>\n- Soutien aux travailleurs agricoles, y compris plus de $50 000 pour ceux qui ont perdu leur travail et leur logement.<br \/>\n- Prise en charge des frais d'\u00e9vacuation de plus de 450 animaux et des frais v\u00e9t\u00e9rinaires pour les animaux bless\u00e9s des familles qui ont perdu leur maison.<\/li>\n<li>Lancement du programme Disaster Resilience Fellowship, un programme d'un an destin\u00e9 \u00e0 une cohorte de dirigeants d'organisations non lucratives cl\u00e9s qui fournissent des services jug\u00e9s essentiels pour \u00eatre op\u00e9rationnels dans les jours et les semaines qui suivent un \u00e9v\u00e9nement dangereux. Les premiers boursiers sont<\/li>\n<\/ul>\n<ol>\n<li>805 UndocuFund &#8211; Primitiva Hernandez<\/li>\n<li>Boys &amp; Girls Club of Camarillo &#8211; Roberto Martinez<\/li>\n<li>Boys &amp; Girls Club of Greater Oxnard and Port Hueneme &#8211; Erin Antrim<\/li>\n<li>Food Share of Ventura County &#8211; Monica White<\/li>\n<li>Humane Society of Ventura County &#8211; Officer Kendra King<\/li>\n<li>MICOP &#8211; Genevieve Flores-Haro<\/li>\n<li>Safe Passages Youth Foundation &#8211; Tim Hagel<\/li>\n<li>Westminster Free Clinic &#8211; Lisa Safaenilli<\/li>\n<\/ol>\n<p>&nbsp;<\/p>\n<p><strong>2023 <\/strong><\/p>\n<ul>\n<li>Sponsor principal de la conf\u00e9rence sur les incendies de for\u00eat en Californie qui s'est tenue \u00e0 Simi Valley, \u00e0 la biblioth\u00e8que pr\u00e9sidentielle Ronald Reagan, en octobre 2023. Cette conf\u00e9rence a rassembl\u00e9 plus de 200 services de lutte contre les incendies, agences gouvernementales, dirigeants communautaires et autochtones sp\u00e9cialis\u00e9s dans l'att\u00e9nuation des incendies, venus de tout l'\u00c9tat et du pays, pour des \u00e9changes sur les pratiques prometteuses, l'exploration de l'innovation et de l'adaptation, ainsi que les meilleures pratiques en mati\u00e8re de pr\u00e9paration.<\/li>\n<li>Guide d'urgence \u00e9labor\u00e9 par le Pacific Coast Business Times \u00e0 l'intention des petites entreprises des secteurs priv\u00e9 et social. Ce guide fournit des informations essentielles sur la mani\u00e8re de s'assurer que votre organisation est pr\u00eate \u00e0 faire face \u00e0 une catastrophe, ainsi que des ressources cl\u00e9s si vous \u00eates touch\u00e9 par une catastrophe.<\/li>\n<li>Financement de la Ventura County Voluntary Organizations Active in Disaster (VC VOAD), la collaboration \u00e0 l'\u00e9chelle du comt\u00e9 qui coordonne les organisations \u00e0 but non lucratif et les organisations confessionnelles dans la planification et l'activation de la r\u00e9ponse aux catastrophes, en accord avec les agences locales et r\u00e9gionales de gestion des situations d'urgence.<\/li>\n<\/ul>\n<p>&nbsp;<\/p>\n<p>Les dirigeants de ces organisations se r\u00e9unissent tout au long de l'ann\u00e9e pour approfondir leurs connaissances et leur compr\u00e9hension des syst\u00e8mes de gestion des urgences aux niveaux local, r\u00e9gional, \u00e9tatique et national, pour discuter des le\u00e7ons tir\u00e9es des catastrophes pass\u00e9es et pour coordonner la planification des catastrophes.  Chaque organisation \u00e9labore son propre plan de continuit\u00e9 des op\u00e9rations (COOP) et forme son personnel afin qu'il puisse red\u00e9marrer rapidement et en toute s\u00e9curit\u00e9 des services vitaux tels que l'acc\u00e8s \u00e0 la nourriture, les soins m\u00e9dicaux, la garde d'enfants, le sauvetage et la pension d'animaux, et la distribution d'une aide imm\u00e9diate en cas de catastrophe.<\/p>\n<p>&nbsp;<\/p>\n<p>Collectivement, les boursiers d\u00e9veloppent une vision commune pour un secteur \u00e0 but non lucratif mieux pr\u00e9par\u00e9 et plus r\u00e9silient dans le comt\u00e9 de Ventura, y compris le partage d'informations, la compr\u00e9hension mutuelle des capacit\u00e9s en cas de catastrophe et des ressources disponibles, afin qu'ensemble ils soient pr\u00eats \u00e0 agir rapidement en cas de crise.<\/p>\n\t<p><strong>Nous remercions <img loading=\"lazy\" decoding=\"async\" src=\"https:\/\/vccf.org\/wp-content\/uploads\/2025\/02\/EIX-logo_horizontal_cmyk.png\" alt=\"\" width=\"203\" height=\"55\" \/> <\/strong><strong>pour leur soutien et leur partenariat dans le cadre de cette initiative.<\/strong><\/p>","protected":false},"featured_media":22358,"template":"","tags":[],"class_list":["post-21622","vccf-initiatives","type-vccf-initiatives","status-publish","has-post-thumbnail","hentry","calendar_category-vccf-initiatives"],"acf":[],"_links":{"self":[{"href":"https:\/\/vccf.org\/fr\/wp-json\/wp\/v2\/vccf-initiatives\/21622","targetHints":{"allow":["GET"]}}],"collection":[{"href":"https:\/\/vccf.org\/fr\/wp-json\/wp\/v2\/vccf-initiatives"}],"about":[{"href":"https:\/\/vccf.org\/fr\/wp-json\/wp\/v2\/types\/vccf-initiatives"}],"wp:featuredmedia":[{"embeddable":true,"href":"https:\/\/vccf.org\/fr\/wp-json\/wp\/v2\/media\/22358"}],"wp:attachment":[{"href":"https:\/\/vccf.org\/fr\/wp-json\/wp\/v2\/media?parent=21622"}],"wp:term":[{"taxonomy":"post_tag","embeddable":true,"href":"https:\/\/vccf.org\/fr\/wp-json\/wp\/v2\/tags?post=21622"}],"curies":[{"name":"wp","href":"https:\/\/api.w.org\/{rel}","templated":true}]}}

Résilience et préparation aux catastrophes de la VCCF

<p><strong>Préparation et résilience aux catastrophes</strong></p>
<p>Face à l'augmentation de la fréquence et de la gravité des catastrophes, la VCCF a lancé en 2023, avec le soutien d'Edison International, l'initiative de résilience aux catastrophes du comté de Ventura, qui rassemble des organisations gouvernementales, communautaires et confessionnelles afin de favoriser une meilleure préparation aux catastrophes dans le comté.</p>
<p>Avec une approche holistique couvrant le soutien à l'atténuation, la préparation, ainsi que la planification et le renforcement des capacités pour une réponse immédiate et un rétablissement à long terme, l'initiative est née des résultats d'une étude commandée par le VCCF en 2019/2020, recueillant les commentaires de 87 dirigeants communautaires et survivants de catastrophes locales qui ont mis en évidence la nécessité d'une plus grande coordination entre les secteurs, ainsi que le renforcement des capacités des organisations locales à but non lucratif pour la réponse aux catastrophes et le rétablissement, en particulier ceux qui répondent aux besoins des populations vulnérables, y compris les personnes handicapées, les non-anglophones, les adultes plus âgés et les travailleurs agricoles.</p>
<p>Les investissements de l'initiative comprennent</p>
<p><strong> 2024 </strong></p>
<ul>
<li>Créé le <a href="https://vccf.org/fr/vccf-community-update-on-mountain-fire/">Fonds d'aide et de rétablissement du comté de Ventura en cas d'incendie de forêt</a> en réponse à l'incendie de montagne, en partenariat avec le comté de Ventura. Cet effort a été consacré à soutenir les individus et les organisations à but non lucratif qui fournissent une aide essentielle aux personnes les plus touchées en temps de crise, à répondre aux besoins immédiats et à long terme des personnes touchées par la catastrophe, et à se préparer à soutenir notre communauté pour ce qui est à venir.À ce jour, le fonds a accordé plus de $975 000, fournissant une aide financière individuelle et répondant à des besoins critiques tels que...<br />
- Logement temporaire et remplacement de l'équipement médical.<br />
- Garde d'enfants d'urgence et aide financière pour les familles qui ont perdu leur logement.<br />
- Soutien aux travailleurs agricoles, y compris plus de $50 000 pour ceux qui ont perdu leur travail et leur logement.<br />
- Prise en charge des frais d'évacuation de plus de 450 animaux et des frais vétérinaires pour les animaux blessés des familles qui ont perdu leur maison.</li>
<li>Lancement du programme Disaster Resilience Fellowship, un programme d'un an destiné à une cohorte de dirigeants d'organisations non lucratives clés qui fournissent des services jugés essentiels pour être opérationnels dans les jours et les semaines qui suivent un événement dangereux. Les premiers boursiers sont</li>
</ul>
<ol>
<li>805 UndocuFund &#8211; Primitiva Hernandez</li>
<li>Boys &amp; Girls Club of Camarillo &#8211; Roberto Martinez</li>
<li>Boys &amp; Girls Club of Greater Oxnard and Port Hueneme &#8211; Erin Antrim</li>
<li>Food Share of Ventura County &#8211; Monica White</li>
<li>Humane Society of Ventura County &#8211; Officer Kendra King</li>
<li>MICOP &#8211; Genevieve Flores-Haro</li>
<li>Safe Passages Youth Foundation &#8211; Tim Hagel</li>
<li>Westminster Free Clinic &#8211; Lisa Safaenilli</li>
</ol>
<p>&nbsp;</p>
<p><strong>2023 </strong></p>
<ul>
<li>Sponsor principal de la conférence sur les incendies de forêt en Californie qui s'est tenue à Simi Valley, à la bibliothèque présidentielle Ronald Reagan, en octobre 2023. Cette conférence a rassemblé plus de 200 services de lutte contre les incendies, agences gouvernementales, dirigeants communautaires et autochtones spécialisés dans l'atténuation des incendies, venus de tout l'État et du pays, pour des échanges sur les pratiques prometteuses, l'exploration de l'innovation et de l'adaptation, ainsi que les meilleures pratiques en matière de préparation.</li>
<li>Guide d'urgence élaboré par le Pacific Coast Business Times à l'intention des petites entreprises des secteurs privé et social. Ce guide fournit des informations essentielles sur la manière de s'assurer que votre organisation est prête à faire face à une catastrophe, ainsi que des ressources clés si vous êtes touché par une catastrophe.</li>
<li>Financement de la Ventura County Voluntary Organizations Active in Disaster (VC VOAD), la collaboration à l'échelle du comté qui coordonne les organisations à but non lucratif et les organisations confessionnelles dans la planification et l'activation de la réponse aux catastrophes, en accord avec les agences locales et régionales de gestion des situations d'urgence.</li>
</ul>
<p>&nbsp;</p>
<p>Les dirigeants de ces organisations se réunissent tout au long de l'année pour approfondir leurs connaissances et leur compréhension des systèmes de gestion des urgences aux niveaux local, régional, étatique et national, pour discuter des leçons tirées des catastrophes passées et pour coordonner la planification des catastrophes.  Chaque organisation élabore son propre plan de continuité des opérations (COOP) et forme son personnel afin qu'il puisse redémarrer rapidement et en toute sécurité des services vitaux tels que l'accès à la nourriture, les soins médicaux, la garde d'enfants, le sauvetage et la pension d'animaux, et la distribution d'une aide immédiate en cas de catastrophe.</p>
<p>&nbsp;</p>
<p>Collectivement, les boursiers développent une vision commune pour un secteur à but non lucratif mieux préparé et plus résilient dans le comté de Ventura, y compris le partage d'informations, la compréhension mutuelle des capacités en cas de catastrophe et des ressources disponibles, afin qu'ensemble ils soient prêts à agir rapidement en cas de crise.</p>
	<p><strong>Nous remercions <img loading="lazy" decoding="async" src="https://vccf.org/wp-content/uploads/2025/02/EIX-logo_horizontal_cmyk.png" alt="" width="203" height="55" /> </strong><strong>pour leur soutien et leur partenariat dans le cadre de cette initiative.</strong></p>
