{"id":23059,"date":"2025-05-30T09:58:15","date_gmt":"2025-05-30T16:58:15","guid":{"rendered":"https:\/\/vccf.org\/?post_type=tribe_events&#038;p=23059"},"modified":"2025-05-30T09:58:15","modified_gmt":"2025-05-30T16:58:15","slug":"play-date-in-the-garden","status":"publish","type":"tribe_events","link":"https:\/\/vccf.org\/pt\/community-event\/play-date-in-the-garden\/","title":{"rendered":"Encontro para brincar no jardim"},"content":{"rendered":"<p>Junte-se a n\u00f3s para um \"Play Date in the Garden\" gratuito na sexta-feira, 13 de junho, com o Projeto Isabella e os Recursos de Desenvolvimento Infantil do Condado de Ventura! Este evento ao ar livre \u00e9 perfeito para crian\u00e7as de 4 a 8 anos e apresenta atividades divertidas e envolventes em um belo cen\u00e1rio de jardim no Museu do Condado de Ventura.<\/p>\n<p>Enquanto as crian\u00e7as brincam e exploram, os pais e encarregados de educa\u00e7\u00e3o podem contactar com recursos para a primeira inf\u00e2ncia e informar-se sobre programas que apoiam as fam\u00edlias em todo o Condado de Ventura.<\/p>\n<p>As crian\u00e7as devem ser acompanhadas por um adulto. As inscri\u00e7\u00f5es s\u00e3o gratuitas e preferenciais para nos ajudar a planear um evento divertido e acolhedor para todos. Venha crescer, brincar e aprender juntos no jardim!<\/p>","protected":false},"excerpt":{"rendered":"<p>Join us for a free &#8220;Play Date in the Garden&#8221; on Friday, June 13 with the Isabella Project and Child Development Resources of Ventura County! This outdoor event is perfect&hellip;<\/p>","protected":false},"author":8,"featured_media":23060,"template":"","meta":{"_acf_changed":false,"give_campaign_id":0,"_tribe_events_status":"","_tribe_events_status_reason":"","_tribe_events_is_hybrid":"","_tribe_events_is_virtual":"","_tribe_events_virtual_video_source":"","_tribe_events_virtual_embed_video":"","_tribe_events_virtual_linked_button_text":"","_tribe_events_virtual_linked_button":"","_tribe_events_virtual_show_embed_at":"","_tribe_events_virtual_show_embed_to":[],"_tribe_events_virtual_show_on_event":"","_tribe_events_virtual_show_on_views":"","_tribe_events_virtual_url":"","footnotes":""},"tags":[35,38],"tribe_events_cat":[39],"class_list":["post-23059","tribe_events","type-tribe_events","status-publish","has-post-thumbnail","hentry","tag-isabella-project","tag-santa-paula","tribe_events_cat-isabella-project","cat_isabella-project"],"acf":[],"_links":{"self":[{"href":"https:\/\/vccf.org\/pt\/wp-json\/wp\/v2\/tribe_events\/23059","targetHints":{"allow":["GET"]}}],"collection":[{"href":"https:\/\/vccf.org\/pt\/wp-json\/wp\/v2\/tribe_events"}],"about":[{"href":"https:\/\/vccf.org\/pt\/wp-json\/wp\/v2\/types\/tribe_events"}],"author":[{"embeddable":true,"href":"https:\/\/vccf.org\/pt\/wp-json\/wp\/v2\/users\/8"}],"version-history":[{"count":0,"href":"https:\/\/vccf.org\/pt\/wp-json\/wp\/v2\/tribe_events\/23059\/revisions"}],"wp:featuredmedia":[{"embeddable":true,"href":"https:\/\/vccf.org\/pt\/wp-json\/wp\/v2\/media\/23060"}],"wp:attachment":[{"href":"https:\/\/vccf.org\/pt\/wp-json\/wp\/v2\/media?parent=23059"}],"wp:term":[{"taxonomy":"post_tag","embeddable":true,"href":"https:\/\/vccf.org\/pt\/wp-json\/wp\/v2\/tags?post=23059"},{"taxonomy":"tribe_events_cat","embeddable":true,"href":"https:\/\/vccf.org\/pt\/wp-json\/wp\/v2\/tribe_events_cat?post=23059"}],"curies":[{"name":"wp","href":"https:\/\/api.w.org\/{rel}","templated":true}]}}

<p>Junte-se a nós para um "Play Date in the Garden" gratuito na sexta-feira, 13 de junho, com o Projeto Isabella e os Recursos de Desenvolvimento Infantil do Condado de Ventura! Este evento ao ar livre é perfeito para crianças de 4 a 8 anos e apresenta atividades divertidas e envolventes em um belo cenário de jardim no Museu do Condado de Ventura.</p>
<p>Enquanto as crianças brincam e exploram, os pais e encarregados de educação podem contactar com recursos para a primeira infância e informar-se sobre programas que apoiam as famílias em todo o Condado de Ventura.</p>
<p>As crianças devem ser acompanhadas por um adulto. As inscrições são gratuitas e preferenciais para nos ajudar a planear um evento divertido e acolhedor para todos. Venha crescer, brincar e aprender juntos no jardim!</p>
